126
Calculate the highest common divisor of 658660 and 46140.
20
Calculate the highest common factor of 417659 and 891.
11
What is the greatest common divisor of 217630 and 2140?
10
What is the highest common divisor of 1080519060 and 180?
60
What is the highest common divisor of 172337 and 1133?
11
Calculate the greatest common divisor of 2720 and 358380400.
1360
Calculate the highest common divisor of 5892472 and 3774.
1258
Calculate the highest common divisor of 10 and 44376790.
10
What is the greatest common divisor of 145 and 15580?
5
What is the greatest common divisor of 510 and 1508640?
30
What is the greatest common factor of 835044 and 2820?
12
Calculate the greatest common factor of 121770614 and 518.
14
What is the greatest common factor of 378406332 and 288?
36
What is the greatest common factor of 261059111 and 1046?
523
Calculate the highest common factor of 5043 and 392616.
123
Calculate the greatest common divisor of 245 and 230455.
5
What is the highest common factor of 2078 and 8703703?
1039
Calculate the greatest common factor of 68 and 2113100.
68
Calculate the greatest common factor of 68 and 246957538.
34
What is the highest common factor of 2201701 and 570?
19
What is the greatest common factor of 5781882 and 826?
118
Calculate the highest common divisor of 442 and 5883802.
34
What is the greatest common divisor of 45 and 843221079?
9
Calculate the highest common factor of 185718591 and 3096.
387
What is the greatest common factor of 2460 and 741260?
20
Calculate the highest common factor of 243694862 and 241.
241
What is the greatest common factor of 224744055 and 174?
87
Calculate the greatest common factor of 2000 and 506960.
80
What is the greatest common factor of 711 and 1009620?
711
What is the greatest common factor of 49 and 6300014?
7
Calculate the greatest common divisor of 11748354 and 138.
138
Calculate the highest common divisor of 2693437 and 3287.
173
Calculate the greatest common divisor of 12660 and 102705.
15
What is the highest common factor of 4010 and 523610?
10
What is the highest common divisor of 247 and 4265963?
13
What is the greatest common factor of 8416344 and 11580?
2316
What is the greatest common divisor of 13 and 3032211?
13
Calculate the highest common factor of 807517 and 136.
17
Calculate the greatest common divisor of 9975 and 79211076.
399
What is the highest common factor of 1456930 and 14062?
178
What is the highest common divisor of 144153 and 149625?
171
What is the greatest common factor of 237 and 26138651?
79
Calculate the greatest common divisor of 68867411 and 2224.
139
What is the greatest common factor of 27907 and 7561851?
473
What is the highest common factor of 2294 and 28938128?
62
What is the greatest common factor of 51727 and 149201?
299
Calculate the highest common factor of 599099032 and 2576.
1288
What is the highest common factor of 26200 and 233442?
262
Calculate the greatest common divisor of 10441 and 168435.
197
Calculate the greatest common divisor of 1001623 and 1309.
119
What is the highest common divisor of 10119 and 357?
3
Calculate the highest common factor of 4653294 and 6519.
159
What is the greatest common divisor of 108 and 548909748?
36
What is the greatest common divisor of 17578663 and 629?
629
Calculate the greatest common factor of 704 and 13219657.
11
What is the highest common divisor of 171200 and 747200?
1600
Calculate the greatest common divisor of 3626 and 10570574.
98
What is the greatest common factor of 366599760 and 3680?
1840
What is the highest common divisor of 2480875 and 4000?
125
Calculate the greatest common factor of 10235506 and 207.
23
Calculate the highest common factor of 145029195 and 45.
45
Calculate the highest common divisor of 332695 and 9731.
263
Calculate the greatest common divisor of 1397045 and 1235.
65
Calculate the greatest common factor of 1465776 and 18850.
754
Calculate the greatest common factor of 13677350 and 850.
850
Calculate the highest common factor of 1881360 and 251640.
1080
Calculate the highest common divisor of 7139242 and 726.
242
What is the highest common divisor of 10113520 and 40?
40
Calculate the highest common factor of 222421769 and 1602.
89
What is the greatest common factor of 118618650 and 4050?
450
What is the highest common factor of 1104 and 5557904?
368
Calculate the greatest common divisor of 1506 and 6152512.
502
What is the greatest common divisor of 20867 and 18365941?
2981
What is the highest common divisor of 1063020 and 436800?
420
What is the highest common divisor of 2470 and 94966560?
2470
Calculate the highest common divisor of 3674567 and 2704.
169
Calculate the greatest common factor of 1976 and 6993688.
104
Calculate the highest common divisor of 39294969 and 208014.
2811
What is the highest common divisor of 160 and 12677130?
10
Calculate the highest common divisor of 987 and 5915343.
21
Calculate the highest common factor of 156818380 and 20.
20
What is the greatest common factor of 580 and 86980860?
580
Calculate the highest common factor of 784 and 956578.
98
Calculate the greatest common factor of 253149 and 1079.
13
Calculate the highest common divisor of 23845264 and 16.
16
What is the highest common divisor of 10625 and 3533100?
25
Calculate the highest common factor of 4402975 and 67575.
1325
What is the highest common factor of 4532 and 3465744?
412
Calculate the greatest common factor of 1015771 and 327.
109
Calculate the greatest common divisor of 748 and 1331660.
44
Calculate the highest common factor of 264 and 8606576.
88
Calculate the greatest common divisor of 564465 and 726.
363
Calculate the greatest common divisor of 49380 and 26700.
60
Calculate the greatest common factor of 24 and 84192564.
12
Calculate the greatest common factor of 12050660 and 2610.
290
What is the highest common divisor of 72 and 47839?
1
Calculate the greatest common divisor of 212 and 63639644.
212
Calculate the greatest common factor of 76916 and 2746016.
1148
What is the highest common factor of 13512 and 24729212?
2252
Calculate the greatest common divisor of 1675 and 13362775.
25
What is the greatest common factor of 17060 and 101900?
20
What is the highest common divisor of 27816800 and 2420?
220
Calculate the greatest common factor of 525 and 70027475.
175
What is the greatest common factor of 11921794 and 2790?
62
What is the greatest common factor of 49 and 20320790?
49
Calculate the highest common divisor of 350450 and 77123450.
8150
Calculate the highest common factor of 708 and 173063756.
236
Calculate the highest common divisor of 97959778 and 1708.
854
What is the highest common divisor of 498570 and 5370?
30
What is the greatest common divisor of 9 and 659247?
3
Calculate the greatest common factor of 4941 and 111440961.
1647
Calculate the highest common factor of 39275 and 27025.
25
Calculate the greatest common factor of 92519 and 38346.
7
What is the greatest common factor of 10738606 and 40982?
1322
What is the greatest common divisor of 49451805 and 1755?
585
What is the greatest common divisor of 580433 and 1?
1
Calculate the greatest common divisor of 15 and 47778600.
15
What is the greatest common factor of 52 and 169408252?
52
Calculate the highest common factor of 1188 and 21222344.
44
Calculate the highest common factor of 2293964 and 1548.
172
Calculate the greatest common factor of 116696 and 304.
8
Calculate the highest common factor of 143865088 and 256.
256
What is the highest common factor of 9772080 and 1596?
228
Calculate the greatest common divisor of 1031883 and 51.
51
What is the highest common divisor of 165072997 and 397?
397
What is the highest common factor of 472 and 183752?
8
Calculate the greatest common factor of 28 and 83003424.
28
What is the highest common divisor of 996193 and 110?
11
What is the greatest common factor of 4615479 and 422004?
759
What is the greatest common factor of 20525445 and 24145?
2195
What is the greatest common factor of 6329975 and 7975?
725
Calculate the highest common factor of 1277710277 and 1423.
1423
What is the greatest common factor of 23171 and 632519?
493
What is the highest common factor of 31446421 and 523?
523
Calculate the highest common factor of 1715 and 15856547.
343
Calculate th